 - 30 + c = 0. Suppose 0 = q*j - 37*j - 1660. Is j a prime number?
False
Suppose -5*j + 981200 = -130*o + 135*o, 2*o - 392501 = j. Is o a composite number?
False
Suppose 24*y - 26*y - 482820 = -4*m, -3*m = -4*y - 362095. Is m a composite number?
False
Let c = 1961654 - 772325. Is c composite?
True
Let y(p) = 13*p**3 + 7*p**2 - 20*p - 13. Is y(6) a prime number?
True
Suppose 7*u = 82 + 660. Suppose 0 = i - 41 - u. Let p = i + -38. Is p a composite number?
False
Suppose -3223 = -4*k + 2801. Let f = -875 + k. Is f composite?
False
Let q be (-2)/12 + 225/54 + -2. Suppose -2*j = -3*j - 5*s + 59, 44 = j + q*s. Is j prime?
False
Let q be (-3594)/8*(-24)/18. Suppose 12050 = 3*j + q. Is j a prime number?
False
Suppose -j = -n - 1926, -5*j - 2*n - 3390 = -13055. Is j a prime number?
True
Suppose 32*c + 75102 = -117602. Is (c/6)/(23/(-69)) a composite number?
False
Let c(x) = 6*x - 11. Let u(j) = j**3 + 2*j**2 - 2*j - 1. Let p be u(-2). Suppose 0*d = -p*d - r + 26, -2*d + r = -9. Is c(d) composite?
False
Let b be 9/(6/(-14) - (-88)/140). Is ((-342)/b - -7) + 16348/5 composite?
True
Let b = -172821 - -299134. Is b a composite number?
True
Let t(g) = 191*g**3 - 2*g + 1. Let d be t(1). Suppose y + 5*r - 21 = -3, -4 = 4*y + r. Is d + (y - (-1 + 2)) a composite number?
True
Let z(o) = o**2 - 5*o - 19. Let h be z(8). Suppose 2 + 23 = h*a. Suppose -d = -3*w - 652 - 354, -w - a = 0. Is d a prime number?
True
Let f = 328 + -128. Suppose -4*x - 344 = -5*l, 3*l + 2*x = -2*x + f. Is ((-3 - -2) + l)*(-9)/(-9) composite?
False
Let b(l) be the third derivative of -14*l**2 + 5/6*l**3 + 1/30*l**5 + 0 - 5/12*l**4 + 1/12*l**6 + 0*l. Is b(5) prime?
False
Suppose 0 = 2*y - 3*s - 4, s - 13 = -3*y + 2*s. Suppose -n + n = y*n. Suppose 840 = 4*l - f, -l + 0*f + f + 213 = n. Is l a prime number?
False
Let z(b) = 17*b**2 - 5*b. Let p be z(5). Let q = 2422 - p. Suppose 0 = 6*y - 636 - q. Is y a prime number?
True
Suppose 5*n - 41 = -4*t, 13*t - 8*t = -4*n + 40. Let u(h) = 82*h**3 - h**2 + 6*h + 5. Is u(t) composite?
False
Let c = 145 - 143. Suppose -m + 7388 = 4*i, 0*m = c*i - 5*m - 3694. Is i prime?
True
Is -187318*(2 - 120/48) a composite number?
True
Let q(k) = 11*k**2 + 13*k + 13. Let y(f) = 2*f - 1. Let r(p) = -13*p + 19. Let u(o) = -r(o) - 6*y(o). Let t be u(5). Is q(t) a prime number?
True
Suppose 0 = 5*n + o - 1117562, 3*n = 6*n - 6*o - 670491. Is n a composite number?
True
Suppose 2*j + 43 - 260 = 3*q, 0 = -2*j - q + 237. Suppose -3*n = -21 + 9. Is n - j/(-4) - -1 a prime number?
False
Let x(l) = -l**3 + 9*l**2 - 17*l - 3. Let n be x(6). Suppose 4*j - n*p - 2*p - 16210 = 0, -10 = -5*p. Is j composite?
True
Suppose 0 = -4*i + y + 54, 2*i - 36 = -8*y + 4*y. Let v(f) = -3 + 5 + i*f**2 - 17*f - 4*f**3 + 3*f**3. Is v(9) a composite number?
True
Suppose 116*s + 82989 - 384111 = 98*s. Is s prime?
True
Suppose -96*a = -196*a + 31225 - 5525. Is a composite?
False
Let a(s) be the second derivative of -11/12*s**4 + 5/2*s**2 - 3/20*s**5 + 0 + 8/3*s**3 + 9*s. Is a(-9) prime?
False
Let o(q) = 50*q**3 + 9*q + 9. Let a be o(4). Suppose 3*w + 3*c - c - a = 0, 2*c + 1079 = w. Is w prime?
False
Let v be (-15 - -35956)/(1 + 0). Let k = -22325 + v. Suppose -5*q = -c - k, -1 = 4*c + 3. Is q prime?
False
Suppose -5*o + o + 3*o + 90223 = 0. Is o composite?
True
Let g(p) = 8*p - 3. Let t be g(1). Suppose -3 = c + t*x - 27, -2*c - 4*x + 24 = 0. Suppose -c*z - z + 345 = 0. Is z a prime number?
False
Let j(x) = 12*x**2 - 8*x - 13. Let r(p) be the third derivative of -p**4/12 - 3*p**3 - 22*p**2. Let z be r(-6). Is j(z) a prime number?
True
Let x(h) = -36*h - 5. Suppose -q = -4*b - 31, 5*q + 4*b - 35 = -0*q. Let z be x(q). Let j = -148 - z. Is j prime?
False
Let y(i) = 8203*i**2 + 293*i + 2811. Is y(-10) a prime number?
False
Let b(v) = 107620*v**3 + v**2 + 150*v - 293. Is b(2) a prime number?
True
Suppose 0 = -w - 6634 + 29256. Is w composite?
True
Let t(k) = -5 + 436*k + 1220*k**2 + 438*k - 867*k. Is t(2) composite?
False
Suppose 0 = k + 1, 2*k = -o - 0 - 8. Suppose -2*p + 70 = -7*p. Is (-3324)/p - o/(-14) a prime number?
False
Let a(j) be the third derivative of -41*j**6/24 - j**5/12 - j**4/8 + j**3/2 + 39*j**2. Let p be a(6). Is p/(-35) + 2/7 a composite number?
True
Let t = 184 - 180. Is 6866*((-1)/2)/(t + -5) composite?
False
Suppose 2*w + 4*n - 402630 = 0, -402634 = -10*w + 8*w - 5*n. Is w a composite number?
False
Suppose -19 = -5*t - 109. Let v be -1 + 30/(-21) - (-18)/42. Is -89*((-12)/t)/(v/6) a prime number?
False
Suppose 9*z + 24504 = 10*z. Suppose 2*y + y - 4*r = 18377, -4*y + 5*r = -z. Is y prime?
True
Suppose -44459 = -k + 5*n, -11*k + 16*k - 3*n - 222251 = 0. Is k composite?
False
Suppose -o - 2*b + 1230827 = 0, -36 = 2*b - 40. Is o prime?
False
Let q be 0/3 + (-2 - -5). Suppose 627 = q*b + 2*y, -9*y + 8*y = -3*b + 636. Is b a composite number?
False
Suppose 5*l - 6*l = -5*k - 4, 3*l - k = -16. Let x = -8 + 20. Is -409*4/x*l a composite number?
True
Let q = 278962 + -161211. Is q a composite number?
False
Suppose 5*k - 1490 = -5*x, x + 4*k - 292 = -0*x. Suppose -x = -8*n + 5308. Is n a composite number?
False
Suppose 3*w - 34151 - 49130 = 4*c, 4*c - 20 = 0. Is w a composite number?
False
Let f(i) = 1010070*i**3 + i**2 - 2. Is f(1) a prime number?
True
Let w(d) = 10*d + 2. Let m be w(2). Is 4355/2 + 33/m composite?
False
Let x = -33 - -31. Let u(v) = -331*v**3 - v**2 - 6*v - 9. Is u(x) a composite number?
False
Let y = 0 + 0. Let j(q) = q + 3385. Is j(y) prime?
False
Suppose -7*b + 475 = -288. Let l = b + -107. Is (7 + -7 + l/4)*3022 a prime number?
True
Suppose -5*f + 167035 = 5*h, 3*h - 55956 = -5*f + 44261. Is h a composite number?
False
Let g = 5 - -31. Let v = 39 - g. Let f(q) = 16*q**3 + 3*q**2 + 5*q - 5. Is f(v) a prime number?
False
Suppose -l - 4*j + 15 = 3, l + 5*j = 15. Suppose l = -o - 1, 4*z = 7*z + o - 1238. Suppose -q + z = -0*q. Is q a prime number?
False
Suppose 4*g = 5*z + 8, 3*z = -4*g - 0 + 8. Let a(u) = 4 - 11 + 7*u**3 - 2*u**3 + 6*u + 2*u**g + 2. Is a(4) a composite number?
True
Let s(x) = -130*x**3 - 12*x**2 - 18*x - 22. Let j be s(-9). Suppose 71*y = 58*y + j. Is y a composite number?
True
Let s = -13796 - -24124. Is s/(-16)*(-2 + 0) a composite number?
False
Let b = -42525 + 130306. Is b composite?
True
Suppose -5*a - 10 = 15, 15 = -4*n - 3*a. Suppose 4*p + 3*u - 7276 = 0, 0 = -n*p - p + 2*u + 1819. Is p a composite number?
True
Suppose -3 = -o, 2*c = 348*o - 344*o + 1175446. Is c a composite number?
True
Let m = -223 + 228. Suppose 6*j + 1223 = 4*k + m*j, 0 = 5*k - 4*j - 1515. Is k a prime number?
True
Let g(s) = 1152*s - 272 - 89 + 166*s - 40*s. Is g(10) prime?
False
Let b(r) = 4*r**3 + 268*r**2 - 50*r + 41. Is b(-62) a prime number?
True
Let p = -326 - -314. Is ((-40457)/(-69))/((-4)/p) composite?
False
Suppose -5*v = 5*n - 2*v - 279247, 0 = -v + 4. Is n composite?
True
Suppose 3*x = 3 + 48. Let p(v) = 3*v**3 + v**2 - 16*v + 21. Is p(x) composite?
True
Suppose 2*h - 3*g - 474 + 1337 = 0, h - 3*g = -433. Let a = -177 - h. Is a composite?
True
Suppose -153*k + 48801511 = -75067748. Is k prime?
True
Let g be 0 + (6 - 3) + 1. Suppose 0 = 3*n + y - 4, 23 = 3*n - 2*y + 4. Suppose -g*u + 2 = -n*u. Is u prime?
True
Let n(a) = 2*a**3 + 14*a**2 + a + 10. Let d be n(-7). Is (-6)/d*1 + 26763 a prime number?
False
Suppose -3*x + 8*x = 15. Let t = -8875 - -12919. Suppose 9*k + x*k = t. Is k a composite number?
False
Let i(g) = -163*g**2 + 161*g**2 - 21 + 6*g + 16 - 58*g**3. Is i(-5) composite?
True
Let f = 627181 + -210614. Is f a prime number?
False
Is -16 + 0 + (-3815852)/(-124) composite?
False
Let r = 19336 - 9860. Suppose 13722 = 14*b - r. Is b composite?
False
Let t be (-1 + 0)*(3 + -7). Suppose -t*v = -3915 - 6521. Is v prime?
True
Suppose 5*w = -v - 53742 + 216909, 8 = 4*v. Suppose q + 2*z - 8499 = -1968, 5*q = z + w. Suppose 0 = a + 5*m - 1204, -q + 1636 = -4*a + 5*m. Is a composite?
True
Suppose 2*d + 2*d = 5*q - 22, 4*d = -3*q - 6. Is q*(5/2 + -2) - -913 a composite number?
True
Let j(g) = 26*g**2 + 19*g + 80. Suppose 21*n = 26*n + 55. Is j(n) composite?
True
Let o = 193 - -287. Suppose -o = -5*w + 2*d + 134, -w + 5*d = -132. Is w a prime number?
False
Let c = 2725 + -11406. Let y = c + 59178. Is y composite?
False
Is (-8)/(-16)*(-2)/4*-16252 prime?
False
S